{"id":897,"date":"2022-02-23T01:16:40","date_gmt":"2022-02-23T00:16:40","guid":{"rendered":"https:\/\/dvk.mak.ues.rs.ba\/?page_id=897"},"modified":"2022-02-23T02:43:01","modified_gmt":"2022-02-23T01:43:01","slug":"dokumentacija-na-sajtu-muzicke-akademije-uis-2","status":"publish","type":"page","link":"https:\/\/dvk.mak.ues.rs.ba\/index.php\/la\/dokumentacija-na-sajtu-muzicke-akademije-uis-2\/","title":{"rendered":"Dokumentacija na sajtu Muzi\u010dke akademije UIS"},"content":{"rendered":"\n<p>Dani Vojina Komadine 2018-2020 <strong>&#8211; <a href=\"http:\/\/www.mak.ues.rs.ba\/?s=%D0%94%D0%B0%D0%BD%D0%B8+%D0%92%D0%BE%D1%98%D0%B8%D0%BD%D0%B0\">LINK<\/a>! <\/strong><\/p>\n\n\n\n<p>Najava DVK 2021- <strong><a href=\"http:\/\/www.mak.ues.rs.ba\/2021\/12\/10\/koncertom-djela-vojina-komadine-otvorena-5-manifestacija-dani-vojina-komadine-na-muzickoj-akademiji-univerziteta-u-istocnom-sarajevu\/\">LINK<\/a><\/strong>! <\/p>\n\n\n\n<p>Otvorenje DVK 2021 i III nau\u010dnog skupa SITUMS  &#8211; <strong><a href=\"http:\/\/www.mak.ues.rs.ba\/2021\/12\/08\/otvaranje-manifestacije-dani-vojina-komadine-i-iii-naucnog-skupa-savremeno-i-tradicionalno-u-muzickom-stvaralastvu\/\">LINK!<\/a><\/strong> <\/p>\n\n\n\n<p>DVK 2021 &#8211; Koncert guda\u010dkog orkestra i profesora MAUIS &#8211; <strong><a href=\"http:\/\/www.mak.ues.rs.ba\/2021\/12\/10\/koncert-gudackog-orkestra-i-profesora-muzicke-akademije-univerziteta-u-istocnom-sarajevu\/\">LINK!<\/a><\/strong> <\/p>\n\n\n\n<p>DVK 2021 &#8211; Koncert studenata &#8211; <strong><a href=\"http:\/\/www.mak.ues.rs.ba\/2021\/12\/11\/koncert-studenata-muzicke-akademije-univerziteta-u-istocnom-sarajevu\/\">LINK!<\/a><\/strong> <\/p>\n\n\n\n<p>DVK 2021 &#8211; sadr\u017eaji &#8211; <strong><a href=\"http:\/\/www.mak.ues.rs.ba\/2021\/12\/03\/dani-vojina-komadine-i-iii-naucni-skup-savremeno-i-tradicionalno-u-muzickom-stvaralastvu\">LINK!<\/a><\/strong> <\/p>\n\n\n\n<p>DVK 2021 &#8211; Promocije (Bjelobrk Babi\u0107, Dutina) &#8211; <strong><a href=\"http:\/\/www.mak.ues.rs.ba\/2021\/12\/11\/promocije-knjiga-ozrenke-bjelobrk-babic-osobenosti-tretmana-forme-koncerta-i-simfonije-u-djelima-vojina-komadine-promocija-autorskog-kompakt-diska-valentine-dutine-bijela-vila-grade-obigrala\/\">LINK!<\/a><\/strong> <\/p>\n\n\n\n<p>DVK 2021 &#8211; Promocija (Zbornik SITUMS 2 i DVD \/2021\/) &#8211; <strong><a href=\"http:\/\/www.mak.ues.rs.ba\/2021\/12\/09\/promocije-zbornik-radova-ii-naucnog-skupa-savremeno-i-tradicionalno-u-muzickom-stvaralastvu-dvd-koncert-djela-kompozitora-muzicke-akademije-univerziteta-u-istocnom-sarajevu\/\">LINK!<\/a><\/strong> <\/p>\n\n\n\n<p>III nau\u010dni skup SITUMS &#8211; Poziv, Prijavni obrazac, Uputstvo &#8211; <strong><a href=\"http:\/\/www.mak.ues.rs.ba\/2021\/07\/30\/3-naucni-skup-savremeno-i-tradicionalno-u-muzickom-stvaralasptvu-10-11-12-2021\/\">LINK!<\/a><\/strong> <\/p>\n\n\n\n<p>DVK 2020 &#8211; program manifestacije i koncerata &#8211; <strong><a href=\"http:\/\/www.mak.ues.rs.ba\/2020\/12\/05\/manifestacija-dani-vojina-komadine-pocinje-u-cetvrtak-10-12-2020-na-muzickoj-akademiji\/\">LINK!<\/a><\/strong> <\/p>\n\n\n\n<p>DV\u041a 2020 &#8211; najava koncerta <em>Metamorfozis<\/em> &#8211; <strong><a href=\"http:\/\/www.mak.ues.rs.ba\/2020\/12\/10\/otvaranje-manifestacije-dani-vojina-komadine-2020-i-dani-vojina-komadine-2020-online-koncert-gudacki-ansambl-metamorfozis-srbija-su-nazivi-video-linka-na-youtube-kanalu-muzicka-akad\/\">LINK!<\/a><\/strong> <\/p>\n\n\n\n<p>II nau\u010dni skup SITUMS, Poziv, Prijavni obrazac, Uputstvo &#8211; <strong><a href=\"http:\/\/www.mak.ues.rs.ba\/2020\/12\/02\/dani-vojina-komadine-11-i-12-decembar-2020\/\">LINK!<\/a><\/strong> <\/p>\n\n\n\n<p>DVK 2020 &#8211; najava, 2. nau\u010dni skup SITUMS &#8211; <strong><a href=\"http:\/\/www.mak.ues.rs.ba\/2019\/12\/16\/manifestacija-dani-vojina-komadine-po-treci-put-na-muzickoj-akademiji-u-istocnom-sarajevu-13-i-14-decembar-2019\/\">LINK!<\/a><\/strong> <\/p>\n\n\n\n<p>DVK 2018 &#8211; najava koncerta &#8211; <strong><a href=\"http:\/\/www.mak.ues.rs.ba\/2018\/11\/27\/manifestacija-dani-vojina-komadine-2018-koncert-domacih-autora\/\">LINK!<\/a><\/strong> <\/p>\n\n\n\n<p>DVK 2017 &#8211; predavanja &#8211; <strong><a href=\"http:\/\/www.mak.ues.rs.ba\/2017\/12\/22\/odrzana-predavanja-u-okviru-manifestacije-dani-vojina-komadine\/\">LINK!<\/a><\/strong><\/p>\n","protected":false},"excerpt":{"rendered":"<p>Dani Vojina Komadine 2018-2020 &#8211; LINK! Najava DVK 2021- LINK! Otvorenje DVK 2021 i III nau\u010dnog skupa SITUMS &#8211; LINK! DVK 2021 &#8211; Koncert guda\u010dkog orkestra i profesora MAUIS &#8211; LINK! DVK 2021 &#8211; Koncert studenata &#8211; LINK! DVK 2021 &#8211; sadr\u017eaji &#8211; LINK! DVK 2021 &#8211; Promocije (Bjelobrk Babi\u0107, Dutina) &#8211; LINK! DVK 2021&hellip;&nbsp;<a href=\"https:\/\/dvk.mak.ues.rs.ba\/index.php\/la\/dokumentacija-na-sajtu-muzicke-akademije-uis-2\/\" rel=\"bookmark\">\u041f\u0440\u043e\u0447\u0438\u0442\u0430\u0458 \u0432\u0438\u0448\u0435 &raquo;<span class=\"screen-reader-text\">Dokumentacija na sajtu Muzi\u010dke akademije UIS<\/span><\/a><\/p>\n","protected":false},"author":1,"featured_media":0,"parent":0,"menu_order":0,"comment_status":"closed","ping_status":"closed","template":"","meta":{"_monsterinsights_skip_tracking":false,"_monsterinsights_sitenote_active":false,"_monsterinsights_sitenote_note":"","_monsterinsights_sitenote_category":0,"neve_meta_sidebar":"","neve_meta_container":"","neve_meta_enable_content_width":"","neve_meta_content_width":0,"neve_meta_title_alignment":"","neve_meta_author_avatar":"","neve_post_elements_order":"","neve_meta_disable_header":"","neve_meta_disable_footer":"","neve_meta_disable_title":"","footnotes":""},"class_list":["post-897","page","type-page","status-publish","hentry"],"yoast_head":"<!-- This site is optimized with the Yoast SEO plugin v26.3 - https:\/\/yoast.com\/wordpress\/plugins\/seo\/ -->\n<title>Dokumentacija na sajtu Muzi\u010dke akademije UIS - \u0414\u0430\u043d\u0438 \u0412\u043e\u0458\u0438\u043d\u0430 \u041a\u043e\u043c\u0430\u0434\u0438\u043d\u0435 (\u0414\u0412\u041a) \/ \u041d\u0430\u0443\u0447\u043d\u0438 \u0441\u043a\u0443\u043f \u0421\u0430\u0432\u0440\u0435\u043c\u0435\u043d\u043e \u0438 \u0442\u0440\u0430\u0434\u0438\u0446\u0438\u043e\u043d\u0430\u043b\u043d\u043e \u0443 \u043c\u0443\u0437\u0438\u0447\u043a\u043e\u043c \u0441\u0442\u0432\u0430\u0440\u0430\u043b\u0430\u0448\u0442\u0432\u0443 (\u0421\u0418\u0422\u0423\u041c\u0421)<\/title>\n<meta name=\"robots\" content=\"index, follow, max-snippet:-1, max-image-preview:large, max-video-preview:-1\" \/>\n<link rel=\"canonical\" href=\"https:\/\/dvk.mak.ues.rs.ba\/index.php\/la\/dokumentacija-na-sajtu-muzicke-akademije-uis-2\/\" \/>\n<meta property=\"og:locale\" content=\"sr_RS\" \/>\n<meta property=\"og:type\" content=\"article\" \/>\n<meta property=\"og:title\" content=\"Dokumentacija na sajtu Muzi\u010dke akademije UIS - \u0414\u0430\u043d\u0438 \u0412\u043e\u0458\u0438\u043d\u0430 \u041a\u043e\u043c\u0430\u0434\u0438\u043d\u0435 (\u0414\u0412\u041a) \/ \u041d\u0430\u0443\u0447\u043d\u0438 \u0441\u043a\u0443\u043f \u0421\u0430\u0432\u0440\u0435\u043c\u0435\u043d\u043e \u0438 \u0442\u0440\u0430\u0434\u0438\u0446\u0438\u043e\u043d\u0430\u043b\u043d\u043e \u0443 \u043c\u0443\u0437\u0438\u0447\u043a\u043e\u043c \u0441\u0442\u0432\u0430\u0440\u0430\u043b\u0430\u0448\u0442\u0432\u0443 (\u0421\u0418\u0422\u0423\u041c\u0421)\" \/>\n<meta property=\"og:description\" content=\"Dani Vojina Komadine 2018-2020 &#8211; LINK! Najava DVK 2021- LINK! Otvorenje DVK 2021 i III nau\u010dnog skupa SITUMS &#8211; LINK! DVK 2021 &#8211; Koncert guda\u010dkog orkestra i profesora MAUIS &#8211; LINK! DVK 2021 &#8211; Koncert studenata &#8211; LINK! DVK 2021 &#8211; sadr\u017eaji &#8211; LINK! DVK 2021 &#8211; Promocije (Bjelobrk Babi\u0107, Dutina) &#8211; LINK! DVK 2021&hellip;&nbsp;\u041f\u0440\u043e\u0447\u0438\u0442\u0430\u0458 \u0432\u0438\u0448\u0435 &raquo;Dokumentacija na sajtu Muzi\u010dke akademije UIS\" \/>\n<meta property=\"og:url\" content=\"https:\/\/dvk.mak.ues.rs.ba\/index.php\/la\/dokumentacija-na-sajtu-muzicke-akademije-uis-2\/\" \/>\n<meta property=\"og:site_name\" content=\"\u0414\u0430\u043d\u0438 \u0412\u043e\u0458\u0438\u043d\u0430 \u041a\u043e\u043c\u0430\u0434\u0438\u043d\u0435 (\u0414\u0412\u041a) \/ \u041d\u0430\u0443\u0447\u043d\u0438 \u0441\u043a\u0443\u043f \u0421\u0430\u0432\u0440\u0435\u043c\u0435\u043d\u043e \u0438 \u0442\u0440\u0430\u0434\u0438\u0446\u0438\u043e\u043d\u0430\u043b\u043d\u043e \u0443 \u043c\u0443\u0437\u0438\u0447\u043a\u043e\u043c \u0441\u0442\u0432\u0430\u0440\u0430\u043b\u0430\u0448\u0442\u0432\u0443 (\u0421\u0418\u0422\u0423\u041c\u0421)\" \/>\n<meta property=\"article:modified_time\" content=\"2022-02-23T01:43:01+00:00\" \/>\n<meta name=\"twitter:card\" content=\"summary_large_image\" \/>\n<meta name=\"twitter:label1\" content=\"\u041f\u0440\u043e\u0446\u0435\u045a\u0435\u043d\u043e \u0432\u0440\u0435\u043c\u0435 \u0447\u0438\u0442\u0430\u045a\u0430\" \/>\n\t<meta name=\"twitter:data1\" content=\"1 \u043c\u0438\u043d\u0443\u0442\" \/>\n<script type=\"application\/ld+json\" class=\"yoast-schema-graph\">{\"@context\":\"https:\/\/schema.org\",\"@graph\":[{\"@type\":\"WebPage\",\"@id\":\"https:\/\/dvk.mak.ues.rs.ba\/index.php\/la\/dokumentacija-na-sajtu-muzicke-akademije-uis-2\/\",\"url\":\"https:\/\/dvk.mak.ues.rs.ba\/index.php\/la\/dokumentacija-na-sajtu-muzicke-akademije-uis-2\/\",\"name\":\"Dokumentacija na sajtu Muzi\u010dke akademije UIS - \u0414\u0430\u043d\u0438 \u0412\u043e\u0458\u0438\u043d\u0430 \u041a\u043e\u043c\u0430\u0434\u0438\u043d\u0435 (\u0414\u0412\u041a) \/ \u041d\u0430\u0443\u0447\u043d\u0438 \u0441\u043a\u0443\u043f \u0421\u0430\u0432\u0440\u0435\u043c\u0435\u043d\u043e \u0438 \u0442\u0440\u0430\u0434\u0438\u0446\u0438\u043e\u043d\u0430\u043b\u043d\u043e \u0443 \u043c\u0443\u0437\u0438\u0447\u043a\u043e\u043c \u0441\u0442\u0432\u0430\u0440\u0430\u043b\u0430\u0448\u0442\u0432\u0443 (\u0421\u0418\u0422\u0423\u041c\u0421)\",\"isPartOf\":{\"@id\":\"https:\/\/dvk.mak.ues.rs.ba\/#website\"},\"datePublished\":\"2022-02-23T00:16:40+00:00\",\"dateModified\":\"2022-02-23T01:43:01+00:00\",\"breadcrumb\":{\"@id\":\"https:\/\/dvk.mak.ues.rs.ba\/index.php\/la\/dokumentacija-na-sajtu-muzicke-akademije-uis-2\/#breadcrumb\"},\"inLanguage\":\"sr-RS\",\"potentialAction\":[{\"@type\":\"ReadAction\",\"target\":[\"https:\/\/dvk.mak.ues.rs.ba\/index.php\/la\/dokumentacija-na-sajtu-muzicke-akademije-uis-2\/\"]}]},{\"@type\":\"BreadcrumbList\",\"@id\":\"https:\/\/dvk.mak.ues.rs.ba\/index.php\/la\/dokumentacija-na-sajtu-muzicke-akademije-uis-2\/#breadcrumb\",\"itemListElement\":[{\"@type\":\"ListItem\",\"position\":1,\"name\":\"\u041f\u043e\u0447\u0435\u0442\u043d\u0430\",\"item\":\"https:\/\/dvk.mak.ues.rs.ba\/\"},{\"@type\":\"ListItem\",\"position\":2,\"name\":\"Dokumentacija na sajtu Muzi\u010dke akademije UIS\"}]},{\"@type\":\"WebSite\",\"@id\":\"https:\/\/dvk.mak.ues.rs.ba\/#website\",\"url\":\"https:\/\/dvk.mak.ues.rs.ba\/\",\"name\":\"\u0414\u0430\u043d\u0438 \u0412\u043e\u0458\u0438\u043d\u0430 \u041a\u043e\u043c\u0430\u0434\u0438\u043d\u0435 (\u0414\u0412\u041a) \/ \u041d\u0430\u0443\u0447\u043d\u0438 \u0441\u043a\u0443\u043f \u0421\u0430\u0432\u0440\u0435\u043c\u0435\u043d\u043e \u0438 \u0442\u0440\u0430\u0434\u0438\u0446\u0438\u043e\u043d\u0430\u043b\u043d\u043e \u0443 \u043c\u0443\u0437\u0438\u0447\u043a\u043e\u043c \u0441\u0442\u0432\u0430\u0440\u0430\u043b\u0430\u0448\u0442\u0432\u0443 (\u0421\u0418\u0422\u0423\u041c\u0421)\",\"description\":\"\",\"publisher\":{\"@id\":\"https:\/\/dvk.mak.ues.rs.ba\/#organization\"},\"potentialAction\":[{\"@type\":\"SearchAction\",\"target\":{\"@type\":\"EntryPoint\",\"urlTemplate\":\"https:\/\/dvk.mak.ues.rs.ba\/?s={search_term_string}\"},\"query-input\":{\"@type\":\"PropertyValueSpecification\",\"valueRequired\":true,\"valueName\":\"search_term_string\"}}],\"inLanguage\":\"sr-RS\"},{\"@type\":\"Organization\",\"@id\":\"https:\/\/dvk.mak.ues.rs.ba\/#organization\",\"name\":\"\u0414\u0430\u043d\u0438 \u0412\u043e\u0458\u0438\u043d\u0430 \u041a\u043e\u043c\u0430\u0434\u0438\u043d\u0435 (\u0414\u0412\u041a) \/ \u041d\u0430\u0443\u0447\u043d\u0438 \u0441\u043a\u0443\u043f \u0421\u0430\u0432\u0440\u0435\u043c\u0435\u043d\u043e \u0438 \u0442\u0440\u0430\u0434\u0438\u0446\u0438\u043e\u043d\u0430\u043b\u043d\u043e \u0443 \u043c\u0443\u0437\u0438\u0447\u043a\u043e\u043c \u0441\u0442\u0432\u0430\u0440\u0430\u043b\u0430\u0448\u0442\u0432\u0443 (\u0421\u0418\u0422\u0423\u041c\u0421)\",\"url\":\"https:\/\/dvk.mak.ues.rs.ba\/\",\"logo\":{\"@type\":\"ImageObject\",\"inLanguage\":\"sr-RS\",\"@id\":\"https:\/\/dvk.mak.ues.rs.ba\/#\/schema\/logo\/image\/\",\"url\":\"https:\/\/dvk.mak.ues.rs.ba\/wp-content\/uploads\/2022\/02\/cropped-Logo-DVK-png-e1644406074503.png\",\"contentUrl\":\"https:\/\/dvk.mak.ues.rs.ba\/wp-content\/uploads\/2022\/02\/cropped-Logo-DVK-png-e1644406074503.png\",\"width\":200,\"height\":157,\"caption\":\"\u0414\u0430\u043d\u0438 \u0412\u043e\u0458\u0438\u043d\u0430 \u041a\u043e\u043c\u0430\u0434\u0438\u043d\u0435 (\u0414\u0412\u041a) \/ \u041d\u0430\u0443\u0447\u043d\u0438 \u0441\u043a\u0443\u043f \u0421\u0430\u0432\u0440\u0435\u043c\u0435\u043d\u043e \u0438 \u0442\u0440\u0430\u0434\u0438\u0446\u0438\u043e\u043d\u0430\u043b\u043d\u043e \u0443 \u043c\u0443\u0437\u0438\u0447\u043a\u043e\u043c \u0441\u0442\u0432\u0430\u0440\u0430\u043b\u0430\u0448\u0442\u0432\u0443 (\u0421\u0418\u0422\u0423\u041c\u0421)\"},\"image\":{\"@id\":\"https:\/\/dvk.mak.ues.rs.ba\/#\/schema\/logo\/image\/\"}}]}<\/script>\n<!-- \/ Yoast SEO plugin. -->","yoast_head_json":{"title":"Dokumentacija na sajtu Muzi\u010dke akademije UIS - \u0414\u0430\u043d\u0438 \u0412\u043e\u0458\u0438\u043d\u0430 \u041a\u043e\u043c\u0430\u0434\u0438\u043d\u0435 (\u0414\u0412\u041a) \/ \u041d\u0430\u0443\u0447\u043d\u0438 \u0441\u043a\u0443\u043f \u0421\u0430\u0432\u0440\u0435\u043c\u0435\u043d\u043e \u0438 \u0442\u0440\u0430\u0434\u0438\u0446\u0438\u043e\u043d\u0430\u043b\u043d\u043e \u0443 \u043c\u0443\u0437\u0438\u0447\u043a\u043e\u043c \u0441\u0442\u0432\u0430\u0440\u0430\u043b\u0430\u0448\u0442\u0432\u0443 (\u0421\u0418\u0422\u0423\u041c\u0421)","robots":{"index":"index","follow":"follow","max-snippet":"max-snippet:-1","max-image-preview":"max-image-preview:large","max-video-preview":"max-video-preview:-1"},"canonical":"https:\/\/dvk.mak.ues.rs.ba\/index.php\/la\/dokumentacija-na-sajtu-muzicke-akademije-uis-2\/","og_locale":"sr_RS","og_type":"article","og_title":"Dokumentacija na sajtu Muzi\u010dke akademije UIS - \u0414\u0430\u043d\u0438 \u0412\u043e\u0458\u0438\u043d\u0430 \u041a\u043e\u043c\u0430\u0434\u0438\u043d\u0435 (\u0414\u0412\u041a) \/ \u041d\u0430\u0443\u0447\u043d\u0438 \u0441\u043a\u0443\u043f \u0421\u0430\u0432\u0440\u0435\u043c\u0435\u043d\u043e \u0438 \u0442\u0440\u0430\u0434\u0438\u0446\u0438\u043e\u043d\u0430\u043b\u043d\u043e \u0443 \u043c\u0443\u0437\u0438\u0447\u043a\u043e\u043c \u0441\u0442\u0432\u0430\u0440\u0430\u043b\u0430\u0448\u0442\u0432\u0443 (\u0421\u0418\u0422\u0423\u041c\u0421)","og_description":"Dani Vojina Komadine 2018-2020 &#8211; LINK! Najava DVK 2021- LINK! Otvorenje DVK 2021 i III nau\u010dnog skupa SITUMS &#8211; LINK! DVK 2021 &#8211; Koncert guda\u010dkog orkestra i profesora MAUIS &#8211; LINK! DVK 2021 &#8211; Koncert studenata &#8211; LINK! DVK 2021 &#8211; sadr\u017eaji &#8211; LINK! DVK 2021 &#8211; Promocije (Bjelobrk Babi\u0107, Dutina) &#8211; LINK! DVK 2021&hellip;&nbsp;\u041f\u0440\u043e\u0447\u0438\u0442\u0430\u0458 \u0432\u0438\u0448\u0435 &raquo;Dokumentacija na sajtu Muzi\u010dke akademije UIS","og_url":"https:\/\/dvk.mak.ues.rs.ba\/index.php\/la\/dokumentacija-na-sajtu-muzicke-akademije-uis-2\/","og_site_name":"\u0414\u0430\u043d\u0438 \u0412\u043e\u0458\u0438\u043d\u0430 \u041a\u043e\u043c\u0430\u0434\u0438\u043d\u0435 (\u0414\u0412\u041a) \/ \u041d\u0430\u0443\u0447\u043d\u0438 \u0441\u043a\u0443\u043f \u0421\u0430\u0432\u0440\u0435\u043c\u0435\u043d\u043e \u0438 \u0442\u0440\u0430\u0434\u0438\u0446\u0438\u043e\u043d\u0430\u043b\u043d\u043e \u0443 \u043c\u0443\u0437\u0438\u0447\u043a\u043e\u043c \u0441\u0442\u0432\u0430\u0440\u0430\u043b\u0430\u0448\u0442\u0432\u0443 (\u0421\u0418\u0422\u0423\u041c\u0421)","article_modified_time":"2022-02-23T01:43:01+00:00","twitter_card":"summary_large_image","twitter_misc":{"\u041f\u0440\u043e\u0446\u0435\u045a\u0435\u043d\u043e \u0432\u0440\u0435\u043c\u0435 \u0447\u0438\u0442\u0430\u045a\u0430":"1 \u043c\u0438\u043d\u0443\u0442"},"schema":{"@context":"https:\/\/schema.org","@graph":[{"@type":"WebPage","@id":"https:\/\/dvk.mak.ues.rs.ba\/index.php\/la\/dokumentacija-na-sajtu-muzicke-akademije-uis-2\/","url":"https:\/\/dvk.mak.ues.rs.ba\/index.php\/la\/dokumentacija-na-sajtu-muzicke-akademije-uis-2\/","name":"Dokumentacija na sajtu Muzi\u010dke akademije UIS - \u0414\u0430\u043d\u0438 \u0412\u043e\u0458\u0438\u043d\u0430 \u041a\u043e\u043c\u0430\u0434\u0438\u043d\u0435 (\u0414\u0412\u041a) \/ \u041d\u0430\u0443\u0447\u043d\u0438 \u0441\u043a\u0443\u043f \u0421\u0430\u0432\u0440\u0435\u043c\u0435\u043d\u043e \u0438 \u0442\u0440\u0430\u0434\u0438\u0446\u0438\u043e\u043d\u0430\u043b\u043d\u043e \u0443 \u043c\u0443\u0437\u0438\u0447\u043a\u043e\u043c \u0441\u0442\u0432\u0430\u0440\u0430\u043b\u0430\u0448\u0442\u0432\u0443 (\u0421\u0418\u0422\u0423\u041c\u0421)","isPartOf":{"@id":"https:\/\/dvk.mak.ues.rs.ba\/#website"},"datePublished":"2022-02-23T00:16:40+00:00","dateModified":"2022-02-23T01:43:01+00:00","breadcrumb":{"@id":"https:\/\/dvk.mak.ues.rs.ba\/index.php\/la\/dokumentacija-na-sajtu-muzicke-akademije-uis-2\/#breadcrumb"},"inLanguage":"sr-RS","potentialAction":[{"@type":"ReadAction","target":["https:\/\/dvk.mak.ues.rs.ba\/index.php\/la\/dokumentacija-na-sajtu-muzicke-akademije-uis-2\/"]}]},{"@type":"BreadcrumbList","@id":"https:\/\/dvk.mak.ues.rs.ba\/index.php\/la\/dokumentacija-na-sajtu-muzicke-akademije-uis-2\/#breadcrumb","itemListElement":[{"@type":"ListItem","position":1,"name":"\u041f\u043e\u0447\u0435\u0442\u043d\u0430","item":"https:\/\/dvk.mak.ues.rs.ba\/"},{"@type":"ListItem","position":2,"name":"Dokumentacija na sajtu Muzi\u010dke akademije UIS"}]},{"@type":"WebSite","@id":"https:\/\/dvk.mak.ues.rs.ba\/#website","url":"https:\/\/dvk.mak.ues.rs.ba\/","name":"\u0414\u0430\u043d\u0438 \u0412\u043e\u0458\u0438\u043d\u0430 \u041a\u043e\u043c\u0430\u0434\u0438\u043d\u0435 (\u0414\u0412\u041a) \/ \u041d\u0430\u0443\u0447\u043d\u0438 \u0441\u043a\u0443\u043f \u0421\u0430\u0432\u0440\u0435\u043c\u0435\u043d\u043e \u0438 \u0442\u0440\u0430\u0434\u0438\u0446\u0438\u043e\u043d\u0430\u043b\u043d\u043e \u0443 \u043c\u0443\u0437\u0438\u0447\u043a\u043e\u043c \u0441\u0442\u0432\u0430\u0440\u0430\u043b\u0430\u0448\u0442\u0432\u0443 (\u0421\u0418\u0422\u0423\u041c\u0421)","description":"","publisher":{"@id":"https:\/\/dvk.mak.ues.rs.ba\/#organization"},"potentialAction":[{"@type":"SearchAction","target":{"@type":"EntryPoint","urlTemplate":"https:\/\/dvk.mak.ues.rs.ba\/?s={search_term_string}"},"query-input":{"@type":"PropertyValueSpecification","valueRequired":true,"valueName":"search_term_string"}}],"inLanguage":"sr-RS"},{"@type":"Organization","@id":"https:\/\/dvk.mak.ues.rs.ba\/#organization","name":"\u0414\u0430\u043d\u0438 \u0412\u043e\u0458\u0438\u043d\u0430 \u041a\u043e\u043c\u0430\u0434\u0438\u043d\u0435 (\u0414\u0412\u041a) \/ \u041d\u0430\u0443\u0447\u043d\u0438 \u0441\u043a\u0443\u043f \u0421\u0430\u0432\u0440\u0435\u043c\u0435\u043d\u043e \u0438 \u0442\u0440\u0430\u0434\u0438\u0446\u0438\u043e\u043d\u0430\u043b\u043d\u043e \u0443 \u043c\u0443\u0437\u0438\u0447\u043a\u043e\u043c \u0441\u0442\u0432\u0430\u0440\u0430\u043b\u0430\u0448\u0442\u0432\u0443 (\u0421\u0418\u0422\u0423\u041c\u0421)","url":"https:\/\/dvk.mak.ues.rs.ba\/","logo":{"@type":"ImageObject","inLanguage":"sr-RS","@id":"https:\/\/dvk.mak.ues.rs.ba\/#\/schema\/logo\/image\/","url":"https:\/\/dvk.mak.ues.rs.ba\/wp-content\/uploads\/2022\/02\/cropped-Logo-DVK-png-e1644406074503.png","contentUrl":"https:\/\/dvk.mak.ues.rs.ba\/wp-content\/uploads\/2022\/02\/cropped-Logo-DVK-png-e1644406074503.png","width":200,"height":157,"caption":"\u0414\u0430\u043d\u0438 \u0412\u043e\u0458\u0438\u043d\u0430 \u041a\u043e\u043c\u0430\u0434\u0438\u043d\u0435 (\u0414\u0412\u041a) \/ \u041d\u0430\u0443\u0447\u043d\u0438 \u0441\u043a\u0443\u043f \u0421\u0430\u0432\u0440\u0435\u043c\u0435\u043d\u043e \u0438 \u0442\u0440\u0430\u0434\u0438\u0446\u0438\u043e\u043d\u0430\u043b\u043d\u043e \u0443 \u043c\u0443\u0437\u0438\u0447\u043a\u043e\u043c \u0441\u0442\u0432\u0430\u0440\u0430\u043b\u0430\u0448\u0442\u0432\u0443 (\u0421\u0418\u0422\u0423\u041c\u0421)"},"image":{"@id":"https:\/\/dvk.mak.ues.rs.ba\/#\/schema\/logo\/image\/"}}]}},"_links":{"self":[{"href":"https:\/\/dvk.mak.ues.rs.ba\/index.php\/wp-json\/wp\/v2\/pages\/897","targetHints":{"allow":["GET"]}}],"collection":[{"href":"https:\/\/dvk.mak.ues.rs.ba\/index.php\/wp-json\/wp\/v2\/pages"}],"about":[{"href":"https:\/\/dvk.mak.ues.rs.ba\/index.php\/wp-json\/wp\/v2\/types\/page"}],"author":[{"embeddable":true,"href":"https:\/\/dvk.mak.ues.rs.ba\/index.php\/wp-json\/wp\/v2\/users\/1"}],"replies":[{"embeddable":true,"href":"https:\/\/dvk.mak.ues.rs.ba\/index.php\/wp-json\/wp\/v2\/comments?post=897"}],"version-history":[{"count":3,"href":"https:\/\/dvk.mak.ues.rs.ba\/index.php\/wp-json\/wp\/v2\/pages\/897\/revisions"}],"predecessor-version":[{"id":961,"href":"https:\/\/dvk.mak.ues.rs.ba\/index.php\/wp-json\/wp\/v2\/pages\/897\/revisions\/961"}],"wp:attachment":[{"href":"https:\/\/dvk.mak.ues.rs.ba\/index.php\/wp-json\/wp\/v2\/media?parent=897"}],"curies":[{"name":"wp","href":"https:\/\/api.w.org\/{rel}","templated":true}]}}